se -49 - 1104 = -2*l - g, 3*g - 2311 = -4*l. List the prime factors of l.
2, 7, 41
What are the prime factors of 1159*(-1)/(-11 + 10)?
19, 61
Suppose -15 = s + 4*h, 0*h + 3*h = 0. Let l = -10 - s. Let o = l - -4. List the prime factors of o.
3
Suppose a = -0*a + 5*t - 22, 2*a + 2*t = -20. List the prime factors of 616/a*3/(-2).
7, 11
Let m be ((-18)/10)/(11/(-385)). Let c = m - -188. What are the prime factors of c?
251
Let t(r) = 4*r**3 - r**2 + r - 1. Let x be t(1). Suppose 2*h = -2*v + 152, -5*v = x*h - h - 164. List the prime factors of h.
2, 3
Let n = -129 + 255. Suppose 3*i = 3*v - n, -2*v + 7*i - 4*i = -84. What are the prime factors of v?
2, 3, 7
Let j(x) = 4*x + 2. Let p(y) = -3*y**3 + y**2 - y - 1. Let z be p(-1). Suppose -3*d = -2 - z. What are the prime factors of j(d)?
2, 5
Let w(u) = 2*u + 36. Let r be w(-22). Let j(h) = -h**3 - 7*h**2 + 2*h + 3. List the prime factors of j(r).
3, 17
Suppose 2*o + 551 = 5*d, -2*o + 321 = 4*d - d. Suppose 5*u - d = 2*p, 2*u + p = -2*u + 95. List the prime factors of u.
23
Suppose -p - 9*p + 16910 = 0. List the prime factors of p.
19, 89
Let x(z) = 2*z - 13. Let r be x(9). Suppose -3*g + 175 = r*j, -j = -5*g + 13 - 48. List the prime factors of j.
5, 7
Suppose 3*k + 0*k - 130 = -g, 0 = -2*g + 3*k + 278. Suppose 0 = -5*f - 1 + g. What are the prime factors of f?
3
Let s = 114 - 112. Suppose s*k + 0*k - 441 = 3*t, k - 215 = -4*t. What are the prime factors of k?
3, 73
Let l be ((-15)/6)/(2/4). Suppose -t = -4*t + 6. List the prime factors of (52/t)/((-5)/l).
2, 13
Let b(g) = -g**3 + 5*g**2 - 5*g + 8. Let q be b(-7). Suppose -5*h + u + q = 0, 2*u = 3*h - 0*h - 380. List the prime factors of h.
2, 3, 7
Let l = -328 + 653. List the prime factors of l.
5, 13
Let d be ((-6)/5)/((-3)/(-10)). What are the prime factors of (-6)/d - (-34)/4?
2, 5
Let w(y) = 158*y**2 - 7*y + 6. List the prime factors of w(1).
157
Let g = -18 - -17. What are the prime factors of (-2)/7 - (g + 993/(-21))?
2, 3
Suppose -5*r = 5*u, -10 + 0 = -3*r - u. Suppose -2*b - 504 = -2*p, 6*p = r*p - 4*b + 267. List the prime factors of p.
3, 5, 17
Let m = 9399 - 3919. List the prime factors of m.
2, 5, 137
Suppose -4*w - 63 = -7. Let v = -17 - w. List the prime factors of 1/v*(-366)/2.
61
Let s = -19 + 26. List the prime factors of (-912)/(-7) + (-2)/s + 0.
2, 5, 13
List the prime factors of -1*((-782 - 3/3) + 1).
2, 17, 23
Let h(n) = -11*n**3 - n**2 + 3*n - 8. List the prime factors of h(-3).
271
Suppose 2*h - 56 - 32 = 0. Suppose -3*f + 158 = -f + 4*q, -3*f - 3*q + 225 = 0. Let n = f - h. What are the prime factors of n?
3
Let s(g) = -g**3 - 21*g**2 + 62*g + 221. List the prime factors of s(-25).
1171
Suppose -3*h + 0*a + 1 = -a, a - 5 = 0. Suppose h*q + 2 - 8 = 0. What are the prime factors of ((-2)/1)/(q/(-9))?
2, 3
List the prime factors of (-13173)/(-6) + 8/((-112)/21).
2, 1097
Suppose 6 + 7 = 13*a. List the prime factors of 2285/30 - a/6.
2, 19
Let l(m) = -m**3 + 2*m**2 - 6*m + 272. What are the prime factors of l(0)?
2, 17
Let w be (94/(-6))/(((-7)/6)/(-7)). Let g = w + 151. What are the prime factors of g?
3, 19
Let k be (8 - -6)*(-2)/(-4). What are the prime factors of (11 - (-3 + k))*7?
7
Suppose -2*s - 5*y + 562 = 0, y = -4*y - 10. What are the prime factors of s?
2, 11, 13
Let s(j) be the second derivative of j**4/12 - j**3/3 - 4*j**2 + 21*j. What are the prime factors of s(8)?
2, 5
Suppose -2*v + f = -69, -2*v + 11 = -6*f - 43. What are the prime factors of v?
2, 3
Suppose -9*f + 19170 = 6*f. What are the prime factors of f?
2, 3, 71
Let h(y) = y**2 - y + 7. Let f = -40 - -44. List the prime factors of h(f).
19
Let n(y) = -y**3 + 12*y**2 - 14*y + 35. Let w be n(11). Suppose z - 32 = -4*z + 2*d, -2*z = -w*d - 14. List the prime factors of z.
2, 3
Suppose 5 = 4*a - 11. Let h = -148 + 155. Suppose 3*s = a*s + 5, -3*s = z - h. List the prime factors of z.
2, 11
Suppose 3*i = -2*q + 8*i + 124, 4*q - 248 = -2*i. Suppose -5*b = -5*y - 160, b - 3*b + y + q = 0. What are the prime factors of b?
2, 3, 5
Let o(b) = -b**3 - b**2 + b + 66. Let n be o(0). Let q be 2/5 + 18/5. What are the prime factors of n/q*(-40)/(-30)?
2, 11
Let h(i) = i**3 + 6*i**2 - 7*i - 3. Let j be h(-7). What are the prime factors of (-2)/j + (-1834)/(-21)?
2, 11
Let g(b) = 2*b**2 - 9*b - 32. Suppose 0 = 18*n - 23*n + 65. List the prime factors of g(n).
3, 7
Let b = 15 - 11. Suppose -b*n + 2 = -g - 5, 4*n - 2*g - 2 = 0. Suppose 0 = -n*l - 2*l + 3*q + 214, -9 = 3*q. What are the prime factors of l?
41
Suppose 1583 = 3*p - 67. Let x = -366 + p. List the prime factors of x.
2, 23
Suppose 0 = 2*f, 8*f + 3034 = 2*k + 7*f. List the prime factors of k.
37, 41
Let r(l) = 4*l + 1. Let f be r(4). Suppose 4*s - f = 3, 4*s = 3*z - 13. What are the prime factors of 1*(3 - 0) + z?
2, 7
Let c be 1/(3/15 + 0). Suppose 2*g = c*s + 200, 4*g - 3*s - 414 = -0*g. What are the prime factors of g?
3, 5, 7
Suppose -56*t = -10*t - 91632. What are the prime factors of t?
2, 3, 83
Let z(v) = v**2 + 4*v - 4. Let f be z(-5). Let u(s) = 0 + 7*s - 1 - f + s. List the prime factors of u(4).
2, 3, 5
Suppose -4*a + 17*u - 12*u = -10077, a + 5*u - 2513 = 0. What are the prime factors of a?
2, 1259
Suppose -296 - 200 = -2*k. What are the prime factors of k?
2, 31
Let v be -52*(-2)/(-8)*-22. Suppose 7*i + 4*z - 292 = 5*i, 2*z - v = -2*i. Let c = i + -72. What are the prime factors of c?
2, 17
Suppose -3*n = -4*n + 8. Let w be 3/(-12) + 18/n. List the prime factors of ((-2)/(-2))/(w/14).
7
Suppose -4*w + 26*b = 27*b - 10895, -4*w - 4*b + 10880 = 0. List the prime factors of w.
5, 109
Let u(a) = -234*a + 267. List the prime factors of u(-3).
3, 17, 19
Suppose -2*j - 6 = 4*k - 40, 5*k + 3*j = 40. Let q(z) = -z**3 + 11*z**2 + 24. What are the prime factors of q(k)?
2, 3
Suppose 4*s - 554 = 5*o + 729, 3*o = 2*s - 639. Suppose 3*c - 6*c - 3*r = -s, 2*r = 6. List the prime factors of c.
2, 53
Suppose 5*m - 15 = 0, -j - 4*m + 17 = m. What are the prime factors of (1 + j - -12)*22/3?
2, 5, 11
Let s(g) = -1. Let k(p) = 92*p - 3. Let n(q) = -k(q) + 5*s(q). List the prime factors of n(-1).
2, 3, 5
Let f = 11 - 4. Suppose -u + f = 4*m - 9, -4*m + 16 = -u. Suppose -m*p = 18 - 142. List the prime factors of p.
31
Let p(g) = -g**3 + 28*g**2 + 36*g + 43. List the prime factors of p(29).
2, 3, 41
Suppose x = 4*j - 1 + 3, -2*j = -4*x - 6. Let h be 23*(0 + j - -2). Let b = 34 - h. What are the prime factors of b?
11
Let d = -1277 - -1283. List the prime factors of d.
2, 3
Let l be (-87)/(-27) + (-2)/9. Suppose l*f + 7 = 19. List the prime factors of f.
2
What are the prime factors of 12/162*10389 + 12/27?
2, 5, 7, 11
Suppose 2*x = 2*u - 542, 2*x = -3*u + 678 + 150. Let m = u - 167. What are the prime factors of m?
107
Let b(z) = z**3 - 33*z**2 + 13*z - 131. What are the prime factors of b(33)?
2, 149
Let u = -20 - -22. List the prime factors of 126/9 - (u - 0).
2, 3
Let q = -4 + 7. Suppose 4*k = -q*k + 462. What are the prime factors of k?
2, 3, 11
Let o(p) = 2*p**2 - 4*p + 15. Suppose -5*d - 2*i - 34 = i, d = 4*i + 7. List the prime factors of o(d).
5, 17
Suppose -5*f + 5*y = -3391 - 1424, 0 = 3*f - y - 2883. List the prime factors of f.
2, 3, 5
What are the prime factors of (-3*(-244)/6)/(14/91)?
13, 61
Suppose -2*q + 6*q = 2*w + 22, -5*w = -2*q + 7. Let s(z) = -2 - 3*z - 12*z**3 - 2*z + q*z + 42*z**3. List the prime factors of s(1).
29
Suppose -3*g + 5*j - 1794 = -4*g, 0 = 2*g - 2*j - 3564. List the prime factors of g.
2, 223
Let p be 25 + 5 + 4/(-4). Suppose p - 207 = -a. List the prime factors of a.
2, 89
Let n(d) = 116*d + 496. What are the prime factors of n(10)?
2, 3, 23
Suppose 2*o - 2 = -8, 38 = 2*v - 4*o. Let a = -6 + v. List the prime factors of 6/a*(-28)/(-2).
2, 3
Let t = -23 + 27. Suppose -5*y + 6*a = 2*a - 351, -4*a = -t*y + 284. List the prime factors of y.
67
Let b(u) = -u. Let s be b(-2). Suppose s*l = -5*l + 196. List the prime factors of l.
2, 7
Suppose 0 = 2*n - n + 3. Let q(c) = -23*c**3 - 2*c**2 - 2*c. Let g be q(-2). List the prime factors of 1/(n - (-544)/g).
3, 5
Let t be 39 - (6*(-1 - 0) - -3). What are the prime factors of (-4 - -5) + t - (-3)/1?
2, 23
Let o(p) = -p**3 - 6*p**2 - 11*p - 107. List the prime factors of o(-8).
109
Suppose -4*f - 3*j + 407 = -2*f, 0 = 4*f + 3*j - 823. What ar